{"id":1915,"date":"2023-07-06T13:12:08","date_gmt":"2023-07-06T13:12:08","guid":{"rendered":"https:\/\/transdev-hdf.fr\/?page_id=1915"},"modified":"2023-08-31T10:00:38","modified_gmt":"2023-08-31T10:00:38","slug":"rgpd","status":"publish","type":"page","link":"https:\/\/transdev-hdf.fr\/index.php\/rgpd\/","title":{"rendered":"RGPD"},"content":{"rendered":"\n<p>Transdev HDF collecte de mani\u00e8re transparente vos donn\u00e9es personnelles. Avant de les collecter vos donn\u00e9es personnelles, Transdev HDF vous informe de l\u2019usage qui en sera fait.<\/p>\n\n\n\n<h5><strong>Utilisation de vos donn\u00e9es personnelles collect\u00e9es et trait\u00e9es par Transdev HDF<\/strong><\/h5>\n\n\n\n<p>Les donn\u00e9es personnelles collect\u00e9es et trait\u00e9es par Transdev HDF ob\u00e9issent \u00e0 des motifs de gestion et d\u2019am\u00e9lioration du service et de respect de nos obligations l\u00e9gales. Les informations ainsi collect\u00e9es permettent \u00e0 Transdev HDF sur la base des fondements juridiques pr\u00e9vus par la r\u00e9glementation de les traiter.<\/p>\n\n\n\n<p><br><strong>Dans le cadre de l\u2019ex\u00e9cution de votre contrat pour :<\/strong><br>\u2013 R\u00e9pondre \u00e0 nos besoins de gestion;<br>\u2013 Permettre de vous identifier et de vous authentifier;<br>\u2013 Communiquer avec vous dans le cadre d\u2019une assistance technique ou commerciale;<br>\u2013 Am\u00e9liorer la relation clients en la personnalisant;<br>\u2013 G\u00e9rer vos demandes d\u2019exercice des droits des personnes.<br><br><strong>\u00c0 des fins d\u2019int\u00e9r\u00eats l\u00e9gitimes ou, le cas \u00e9ch\u00e9ant, sur la base de votre consentement pour :<\/strong><br>\u2013 Mieux vous conna\u00eetre afin de mieux r\u00e9pondre \u00e0 vos attentes ;<br>Pour assurer le respect de nos obligations l\u00e9gales, r\u00e8glementaires et administratives telles que d\u00e9finies par la l\u00e9gislation en vigueur.<\/p>\n\n\n\n<p><\/p>\n\n\n\n<h5><strong>Transmission des donn\u00e9es<\/strong><\/h5>\n\n\n\n<p>Transdev HDF s\u2019engage \u00e0 ne pas divulguer vos donn\u00e9es personnelles et s\u2019interdit de vendre ou de louer vos donn\u00e9es personnelles \u00e0 des tiers. <\/p>\n\n\n\n<h5><strong>La collecte des donn\u00e9es personnelles<\/strong><\/h5>\n\n\n\n<p><\/p>\n\n\n\n<p><strong>Selon des modalit\u00e9s clairement exprim\u00e9es :<\/strong><br>La collecte des donn\u00e9es personnelles s\u2019effectue notamment gr\u00e2ce \u00e0 des formulaires sur des supports papier imprim\u00e9s ou sur Internet.<br><br><strong>Dans le cadre exclusif de ses activit\u00e9s :<\/strong><br>Transdev HDF assure la confidentialit\u00e9 des donn\u00e9es personnelles que vous lui communiquez. Les destinataires de ces donn\u00e9es sont des agents habilit\u00e9s de Transdev HDF astreints \u00e0 une obligation de discr\u00e9tion professionnelle. Les donn\u00e9es personnelles sont trait\u00e9es conform\u00e9ment \u00e0 la r\u00e9glementation en vigueur, et pour les finalit\u00e9s suivantes :<br><br><strong>Les \u00e9tudes, enqu\u00eates et questionnaires<\/strong><br>Quel que soit leur objet les \u00e9tudes, enqu\u00eates et questionnaires administr\u00e9s directement par Transdev HDF ou par l\u2019un de ses prestataires n\u2019ont jamais d\u2019objectif commercial de vente ou de marketing direct. Votre participation est volontaire et facultative, \u00e0 toutes les \u00e9tapes.<br>L\u2019objet de l\u2019\u00e9tude et son commanditaire sont toujours pr\u00e9sent\u00e9s en introduction. Les donn\u00e9es collect\u00e9es lors d\u2019une \u00e9tude ne sont ni conserv\u00e9es ni communiqu\u00e9es ni exploit\u00e9es \u00e0 d\u2019autres fins que celles de l\u2019\u00e9tude. Les donn\u00e9es collect\u00e9es ne viennent pas compl\u00e9ter les donn\u00e9es personnelles d\u00e9j\u00e0 collect\u00e9es pr\u00e9alablement.<br>Vos coordonn\u00e9es ou identifiants sont d\u00e9finitivement supprim\u00e9s des fichiers de donn\u00e9es de l\u2019enqu\u00eate d\u00e8s la v\u00e9rification de la collecte termin\u00e9e.<br>Les r\u00e9ponses sont trait\u00e9es de mani\u00e8re strictement statistique. Vos r\u00e9ponses sont anonymes et les rapports comportent uniquement les donn\u00e9es agr\u00e9g\u00e9es. Vous ne pouvez pas \u00eatre r\u00e9-identifi\u00e9s \u00e0 partir des renseignements que vous avez fournis en r\u00e9pondant \u00e0 une enqu\u00eate.<br><br><strong>Les \u00e9changes d\u2019informations<\/strong><br>Les informations et donn\u00e9es personnelles collect\u00e9es (nom, pr\u00e9nom, adresse, e-mail, num\u00e9ro de t\u00e9l\u00e9phone, profil, pseudo) dans le cadre de vos demandes d\u2019information ne sont pas conserv\u00e9es par Transdev HDF. Les donn\u00e9es ne sont accessibles qu\u2019au personnel de Transdev HDF habilit\u00e9. Elles sont conserv\u00e9es par Transdev HDF 2 ans apr\u00e8s r\u00e9ception et archiv\u00e9es ensuite pendant 10 ans.<br><br><strong>Collecte d\u2019informations statistiques<\/strong><br>Le site est \u00e0 tout moment susceptible d\u2019utiliser des services pour collecter des informations statistiques anonymes qui ont pour unique objectif d\u2019analyser la fr\u00e9quentation des pages et des services du site. Cette analyse permet \u00e0 Transdev HDF de mesurer l\u2019utilisation r\u00e9elle qui est faite du site en vue d\u2019am\u00e9liorer les services ou d\u2019en cr\u00e9er de nouveaux, au plus pr\u00e8s des usages.<\/p>\n\n\n\n<p><\/p>\n\n\n\n<h5><strong>Confidentialit\u00e9 des donn\u00e9es personnelles<\/strong><\/h5>\n\n\n\n<p>Transdev HDF s\u2019engage \u00e0 prendre toutes pr\u00e9cautions utiles pour pr\u00e9server la s\u00e9curit\u00e9 des donn\u00e9es collect\u00e9es, pour maintenir la confidentialit\u00e9 des informations fournies et en particulier pour emp\u00eacher que ces donn\u00e9es ne soient d\u00e9form\u00e9es, endommag\u00e9es ou que des tiers non autoris\u00e9s y aient acc\u00e8s.<br>Les donn\u00e9es personnelles recueillies dans le cadre des services propos\u00e9s sur www.transdev-hdf.fr sont trait\u00e9es selon des protocoles s\u00e9curis\u00e9s et permettent \u00e0 Transdev HDF de g\u00e9rer les demandes re\u00e7ues dans ses applications informatiques.<br>Nous avons pour objectif de toujours conserver vos donn\u00e9es personnelles de la mani\u00e8re la plus s\u00fbre et la plus s\u00e9curis\u00e9e, et uniquement pendant la dur\u00e9e n\u00e9cessaire \u00e0 la r\u00e9alisation de la finalit\u00e9 poursuivie par le traitement. Dans cette perspective, nous prenons les mesures physiques, techniques et organisationnelles appropri\u00e9es pour emp\u00eacher dans toute la mesure du possible toute alt\u00e9ration ou perte de vos donn\u00e9es ou tout acc\u00e8s non autoris\u00e9 \u00e0 celles-ci.<br>Le respect de la s\u00e9curit\u00e9 et de la protection de vos donn\u00e9es s\u2019impose \u00e0 l\u2019ensemble de nos collaborateurs ainsi qu\u2019\u00e0 nos prestataires. Par exemple, vos informations personnelles sont h\u00e9berg\u00e9es dans des centres de donn\u00e9es qui sont localis\u00e9s dans l\u2019union europ\u00e9enne et en France d\u00e8s que cela est possible.<br>Bien que Transdev HDF mette en place toutes les mesures possibles pour prot\u00e9ger vos donn\u00e9es personnelles, nous ne pouvons pas garantir la s\u00e9curit\u00e9 des informations transmises sur nos sites Internet ou sur l\u2019une de nos applications mobiles lorsqu\u2019un d\u00e9faut de s\u00e9curit\u00e9 affecte votre terminal ou navigateur.<\/p>\n\n\n\n<p><\/p>\n\n\n\n<p><strong>&nbsp;Violations de donn\u00e9es<\/strong><br>Transdev HDF signalera toute violation des donn\u00e9es \u00e0 la CNIL si celle-ci est susceptible de repr\u00e9senter un risque pour vos droits et libert\u00e9s. Si ces risques sont \u00e9lev\u00e9s, Transdev HDF vous en informera le plus rapidement possible et vous adressera des conseils pour prot\u00e9ger vos donn\u00e9es (ex. modification du mot de passe, \u2026).<\/p>\n\n\n\n<p><\/p>\n\n\n\n<h5><strong>Dur\u00e9es de conservation et d\u2019archivage de vos donn\u00e9es personnelles<\/strong><\/h5>\n\n\n\n<p>\u2013 Transdev HDF ne conserve vos donn\u00e9es que pendant la dur\u00e9e n\u00e9cessaire \u00e0 l\u2019accomplissement des finalit\u00e9s mentionn\u00e9es ci-dessus ou pour nous permettre de r\u00e9pondre \u00e0 nos obligations l\u00e9gales.<br>\u2013 La conservation de vos donn\u00e9es personnelles Vos donn\u00e9es personnelles ne sont accessibles qu\u2019au personnel de Transdev HDF habilit\u00e9 au traitement de ces donn\u00e9es et \u00e0 la v\u00e9rification du bon fonctionnement des flux de donn\u00e9es num\u00e9riques.<\/p>\n\n\n\n<p>Au premier trimestre de chaque ann\u00e9e, Transdev HDF archive les donn\u00e9es des clients avec lesquels elle n\u2019a plus de relation commerciale depuis 2 ans.  La gestion des r\u00e9clamations se conservera 5 ans \u00e0 partir de la cl\u00f4ture de la r\u00e9clamation. \u2013 L\u2019archivage de vos donn\u00e9es personnelles. Vos donn\u00e9es personnelles, lorsqu\u2019elles sont archiv\u00e9es, ne sont plus accessibles au personnel de Transdev HDF, \u00e0 l\u2019exception des seules personnes habilit\u00e9es. Les bases de donn\u00e9es de Transdev HDF sont syst\u00e9matiquement archiv\u00e9es. Celles-ci sont ensuite conserv\u00e9es 10 ans, pour satisfaire aux dur\u00e9es l\u00e9gales de conservation des documents d\u2019entreprise. A l\u2019issue des op\u00e9rations d\u2019\u00e9puration tous les 18 mois, seules sont conserv\u00e9es, les informations permettant de r\u00e9pondre \u00e0 d\u2019\u00e9ventuelles contestations ainsi qu\u2019aux besoins statistiques de l\u2019administration du site.<\/p>\n\n\n\n<p><\/p>\n\n\n\n<h5><strong>Droits relatifs aux donn\u00e9es personnelles<\/strong><\/h5>\n\n\n\n<p>Vous pouvez demander \u00e0 tout moment l\u2019acc\u00e8s aux donn\u00e9es \u00e0 caract\u00e8re personnel vous concernant, leur rectification, leur effacement (dans la mesure o\u00f9 cela n\u2019emp\u00eache pas la bonne ex\u00e9cution du contrat ou le respect des obligations l\u00e9gales de Transdev HDF) et la limitation d\u2019un ou plusieurs traitements particuliers de donn\u00e9es vous concernant, dans les conditions pr\u00e9vues par la r\u00e9glementation.<br>Vous disposez \u00e9galement du droit de modifier ou de retirer, \u00e0 tout moment, les consentements que vous nous avez accord\u00e9s pour le traitement de vos donn\u00e9es \u00e0 caract\u00e8re personnel.<br>Vous disposez par ailleurs du droit de vous opposer \u00e0 un traitement de vos donn\u00e9es \u00e0 caract\u00e8re personnel.<br>Il est rappel\u00e9 que toute personne proc\u00e9dant \u00e0 une fausse d\u00e9claration pour elle-m\u00eame ou pour autrui s\u2019expose \u00e0 des poursuites et \u00e0 des sanctions p\u00e9nales. Actualisation des donn\u00e9es transmises :<br>Il est important que les informations que vous nous transmettez soient exactes et \u00e0 jour et que vous nous informiez sans d\u00e9lai de tout changement significatif vous concernant.<br>Vous pouvez exercer vos droits :<br>\u2013 Soit en remplissant le formulaire \u00e9lectronique pr\u00e9sent \u00e0 la rubrique \u00abnous rejoindre\u00bb sur notre site transdev-hdf.fr.<br>\u2013 Soit par courriel \u00e0 <a href=\"mailto:academietransdev.hdf@transdev.com\">academietransdev.hdf@transdev.com<\/a><br>\u2013 Soit, le cas \u00e9ch\u00e9ant, si vous n\u2019\u00eates pas satisfait de nos \u00e9changes, de saisir la Commission Nationale de l\u2019Informatique et des Libert\u00e9s (CNIL) \u00e0 l\u2019adresse suivante : CNIL \u2013 3 place de Fontenoy \u2013 TSA 80715 \u2013 75334 Paris cedex 07<br>Aucune demande ne pourra pas \u00eatre prise en compte par t\u00e9l\u00e9phone.<br>Pour toute demande d\u2019acc\u00e8s aux donn\u00e9es personnelles, Transdev HDF r\u00e9pondra dans un d\u00e9lai d\u2019un mois \u00e0 compter de la r\u00e9ception de la demande.<\/p>\n\n\n\n<p><\/p>\n\n\n\n<h5><strong>Politique de Cookies<\/strong><\/h5>\n\n\n\n<p>Notre site web utilise des cookies et autres technologies li\u00e9es. Des cookies sont \u00e9galement plac\u00e9s par des tiers que nous avons engag\u00e9s. Dans le document ci-dessous, nous vous informons de l\u2019utilisation des cookies sur notre site web.<\/p>\n\n\n\n<h5>Qu\u2019est-ce qu\u2019un cookie ?<\/h5>\n\n\n\n<p>Un cookie est un petit fichier simple envoy\u00e9 avec les pages de ce site web et stock\u00e9 par votre navigateur sur le disque dur de votre ordinateur ou d\u2019un autre appareil. Les informations qui y sont stock\u00e9es peuvent \u00eatre renvoy\u00e9es \u00e0 nos serveurs ou aux serveurs des tiers concern\u00e9s lors d\u2019une visite ult\u00e9rieure.<\/p>\n\n\n\n<h5>Qu\u2019est-ce qu\u2019un script ?<\/h5>\n\n\n\n<p>Un script est un morceau de code de programme qui est utilis\u00e9 pour que notre site web fonctionne correctement et de fa\u00e7on interactive. Ce code est ex\u00e9cut\u00e9 sur notre serveur ou sur votre appareil.<\/p>\n\n\n\n<h5>Consentement<\/h5>\n\n\n\n<p>Lorsque vous visitez notre site web pour la premi\u00e8re fois, nous vous afficherons une fen\u00eatre contextuelle avec une explication sur les cookies. D\u00e8s que vous cliquez sur \u00ab Accepter\u00bb, vous consentez \u00e0 notre utilisation de tous les cookies et extensions, comme d\u00e9crit dans la fen\u00eatre contextuelle et cette d\u00e9claration sur les cookies. Vous pouvez d\u00e9sactiver l\u2019utilisation de cookies sur votre navigateur, mais veuillez noter que notre site web risque de ne plus fonctionner correctement.<\/p>\n\n\n\n<h5>Tiers<\/h5>\n\n\n\n<p>Nous avons conclu des accords sur l\u2019utilisation de cookies avec d\u2019autres soci\u00e9t\u00e9s qui placent des cookies. Nous ne pouvons cependant garantir que ces tiers g\u00e8rent vos donn\u00e9es personnelles de mani\u00e8re fiable ou s\u00e9curis\u00e9e. Certains, tels que Google, doivent \u00eatre consid\u00e9r\u00e9s comme des responsables du traitement des donn\u00e9es ind\u00e9pendants au sens du r\u00e8glement g\u00e9n\u00e9ral sur la protection des donn\u00e9es (RGPD). Nous vous recommandons de lire les d\u00e9clarations de confidentialit\u00e9 de ces soci\u00e9t\u00e9s.<\/p>\n\n\n\n<p><\/p>\n\n\n\n<h5><strong>Index \u00e9galit\u00e9 homme\/femme<\/strong><\/h5>\n\n\n\n<p>L\u2019index \u00e9galit\u00e9 Femmes-Hommes 66,1\/100, se calcule \u00e0 partir de 4 \u00e0 5 indicateurs au sein de l&rsquo;indice de positivit\u00e9 de Transdev HDF, selon que l\u2019entreprise fait moins ou plus de 250 salari\u00e9s : L\u2019\u00e9cart de r\u00e9mun\u00e9ration femmes-hommes, L\u2019\u00e9cart de r\u00e9partition des augmentations individuelles, L\u2019\u00e9cart de r\u00e9partition des promotions (uniquement dans les entreprises de plus de 250 salari\u00e9s), Le nombre de salari\u00e9es augment\u00e9es \u00e0 leur retour de cong\u00e9 de maternit\u00e9, La parit\u00e9 parmi les 10 plus hautes r\u00e9mun\u00e9rations.<\/p>\n","protected":false},"excerpt":{"rendered":"<p>Transdev HDF collecte de mani\u00e8re transparente vos donn\u00e9es personnelles. Avant de les collecter vos donn\u00e9es personnelles, Transdev HDF vous informe de l\u2019usage qui en sera fait. Utilisation de vos donn\u00e9es personnelles collect\u00e9es et trait\u00e9es par Transdev HDF Les donn\u00e9es personnelles collect\u00e9es et trait\u00e9es par Transdev HDF ob\u00e9issent \u00e0 des motifs de gestion et d\u2019am\u00e9lioration du&hellip;&nbsp;<a href=\"https:\/\/transdev-hdf.fr\/index.php\/rgpd\/\" class=\"\" rel=\"bookmark\">Lire la suite &raquo;<span class=\"screen-reader-text\">RGPD<\/span><\/a><\/p>\n","protected":false},"author":1,"featured_media":0,"parent":0,"menu_order":0,"comment_status":"closed","ping_status":"closed","template":"","meta":[],"_links":{"self":[{"href":"https:\/\/transdev-hdf.fr\/index.php\/wp-json\/wp\/v2\/pages\/1915"}],"collection":[{"href":"https:\/\/transdev-hdf.fr\/index.php\/wp-json\/wp\/v2\/pages"}],"about":[{"href":"https:\/\/transdev-hdf.fr\/index.php\/wp-json\/wp\/v2\/types\/page"}],"author":[{"embeddable":true,"href":"https:\/\/transdev-hdf.fr\/index.php\/wp-json\/wp\/v2\/users\/1"}],"replies":[{"embeddable":true,"href":"https:\/\/transdev-hdf.fr\/index.php\/wp-json\/wp\/v2\/comments?post=1915"}],"version-history":[{"count":5,"href":"https:\/\/transdev-hdf.fr\/index.php\/wp-json\/wp\/v2\/pages\/1915\/revisions"}],"predecessor-version":[{"id":2060,"href":"https:\/\/transdev-hdf.fr\/index.php\/wp-json\/wp\/v2\/pages\/1915\/revisions\/2060"}],"wp:attachment":[{"href":"https:\/\/transdev-hdf.fr\/index.php\/wp-json\/wp\/v2\/media?parent=1915"}],"curies":[{"name":"wp","href":"https:\/\/api.w.org\/{rel}","templated":true}]}}